*p**2 + 35*p - 17. Let b(h) = 3*m(h) - 8*w(h). Suppose -3 = -5*a + 32. What is the tens digit of b(a)?
1
What is the tens digit of 1968/22 + 876/1606?
9
Let s(a) = 3*a. Suppose 6*h - 4*h - 2 = 0. Let f be s(h). Suppose 5*m = -5*d + 30, -f*m + 6 = 5*d - 12. What is the units digit of m?
6
Let p be 1/(-2)*6*-1. Let j be (p/2)/(5/80). Let y = 25 + j. What is the tens digit of y?
4
Let a = 478 - -715. What is the thousands digit of a?
1
Let m(f) = -8*f + 5. Let r be m(-5). Let c = r - 82. Let b = -21 - c. What is the tens digit of b?
1
Let a = 3447 - 2370. What is the units digit of a?
7
Let v(h) = h**3 + 13*h**2 + 11. Let y(d) = -8*d + 3. Let l be y(2). Let z be v(l). Let f = 13 + z. What is the tens digit of f?
2
Let j(f) = 2*f - 36. What is the units digit of j(25)?
4
Let q be -4 + 3 + (1 - 2). Suppose -2*t + r - 7124 = 0, 2*t + 2*r + 14264 = -2*t. What is the tens digit of t/(-77) + q/7?
4
Let d be (-1)/(-4) - 14/(-8). Suppose -n = -d*n + 6. Suppose -n*l = -5*l - 2*j - 47, 70 = 2*l + 2*j. What is the units digit of l?
9
Suppose -5*h - 3 + 23 = 0. Suppose h*w - 626 = -94. What is the hundreds digit of w?
1
Let t(h) = 153*h - 23. What is the hundreds digit of t(3)?
4
Let k(z) be the first derivative of 9*z**4/4 - z**3/3 + z + 4. Suppose -s = -5*b + 2, b + s = -4*b + 8. What is the units digit of k(b)?
9
What is the units digit of ((-4248)/21)/((-13)/91)?
6
Suppose -2*l + 42 = -9*l. Let z(n) = -9*n - 11. Let w(j) = -j - 1. Let c(y) = l*w(y) + z(y). What is the units digit of c(-9)?
2
Let x be (-6)/4 - (-22)/(-4). Let u be 0 + (-7)/(x/66). Let c = 100 - u. What is the tens digit of c?
3
Let y = 672 - 332. Suppose -y = x - 5*x. What is the units digit of x?
5
Let l(h) = -6 + 3 - 7 - 9 + h. Let y be l(-13). Let q = 57 + y. What is the tens digit of q?
2
Suppose -4 = -5*p - 14. Let o(k) = -3*k**2 - 4*k - 5. Let q be o(p). What is the tens digit of 18 - q*2/(-6)?
1
Let z(j) = -j**3 - 11*j**2 + 13*j + 18. Let d be z(-12). Suppose 3*i - d*i - 75 = -3*o, -3*o + 91 = 5*i. What is the tens digit of o?
2
Let g(o) = 17*o - 8. Let s(u) = 18*u - 9. Let k = -20 - -14. Let i(t) = k*g(t) + 5*s(t). What is the tens digit of i(-2)?
2
Suppose -a = -5*a + 620. Suppose -4*l + a = -3*l. What is the hundreds digit of l?
1
Let l(s) = -187*s - 19. What is the hundreds digit of l(-5)?
9
What is the units digit of (-4124)/(-7) - 21/147?
9
Suppose -5*q - 623 + 3608 = 0. Suppose -4*w + 10 = w, 0 = -3*s + 3*w + q. What is the hundreds digit of s?
2
What is the tens digit of 133/(((-9)/12)/(42/(-8)))?
3
Let c = 3 - 5. Let n(x) = 3*x + 32. Let m be n(-12). What is the units digit of 6*(c + (-14)/m)?
9
Suppose 0 = r - 331 - 339. What is the tens digit of r?
7
Let k be (-8)/14 - (-175)/49. Suppose -2*m = -a - 37, -k*m + a = -0 - 56. What is the tens digit of m?
1
What is the hundreds digit of (-6648)/(-30) - 2/(-5)?
2
Suppose -4*m + 65 = -p, 4*m + 7*p - 2*p = 35. What is the units digit of 18*3 - m/(-5)?
7
Suppose 3*p = 5*p - 46. Let f = p + 16. What is the tens digit of f?
3
Let t be 40/2 + 1 + 1/1. Suppose -c = -53 - t. What is the units digit of c?
5
Suppose -352 - 1506 = -3*w + 4*m, 5*w + 4*m = 3118. What is the tens digit of w?
2
What is the tens digit of (-118591)/(-44) - 4/16?
9
Let u(f) = -f**2 + f + 5. Let i be u(2). What is the units digit of (-1)/i + (-110)/(-6)?
8
Let j = -134 + 94. Let k = 84 + j. What is the tens digit of k?
4
Suppose 0 = -272*o + 270*o + 3190. What is the units digit of o?
5
Suppose -83 = 4*y - 3*o, -y + 3*o - 10 = 22. Let t(d) = -d**3 - 3*d**2 + 4*d - 5. Let n be t(-4). Let i = n - y. What is the units digit of i?
2
Suppose -2*p + 9*s = 6*s + 28, 4*s + 8 = -3*p. What is the tens digit of (p/(-6))/(24/4842)?
6
Suppose 1 = -x, -3*g + 28 = -4*x - 3. What is the units digit of 12/g - 1716/(-9)?
2
Let l be 6/(-5)*10/(-3). Suppose 4*g + x - 38 = 0, l = -2*g - 3*x + 28. Suppose 0 = -6*h + 57 + g. What is the units digit of h?
1
Let u(v) = v**3 + 5*v**2 + 5. Let a be u(-5). Suppose w + 16 = -2*w + a*s, -4*w = -s - 7. What is the tens digit of (-6)/9 + 35/w?
1
Let b be 2 + 2 - (-1 - 0). Suppose -b*a - 5*d = -480, 0 = a - 4*d - 31 - 85. What is the hundreds digit of a?
1
Let a(i) = -i - 10. Let p be a(-5). Let g(y) = -2*y**2 - y - 4. Let q be g(p). Let n = -29 - q. What is the tens digit of n?
2
Let q = -25 - -372. What is the tens digit of q?
4
Let l(t) = t**3 - 34*t**2 - 16*t + 39. What is the units digit of l(35)?
4
Suppose -91*z + 87*z = -2736. What is the units digit of z?
4
What is the thousands digit of 3356/(-20)*2*-5?
1
Suppose 2*n - 8 = -d + 3*d, 0 = 5*d - 5. Let c be 21*1 - (n + -4). Let s = c + -15. What is the units digit of s?
5
Let s(v) = -8*v - 60. Suppose -2*n = 3*n + 150. What is the hundreds digit of s(n)?
1
Let q(l) = l**3 - 6*l**2 - 9*l + 14. Let z be q(6). Let h be ((-5)/10)/(4/z). What is the tens digit of h/((-10)/(-68))*1?
3
Suppose -3*m + 2*w = w - 15, -2*m - 3*w - 1 = 0. Suppose 0 = 3*g + 5*t - 34, -4*t - 11 = -m*g + 13. Suppose 26 - g = 3*d. What is the units digit of d?
6
Let b(h) = -h**2 + 3*h + 4. Let r be b(4). Let k(y) = 13*y - 2 + 9*y + r + 1. What is the units digit of k(1)?
1
Suppose 0 = -31*x + 11088 + 39256. What is the units digit of x?
4
Let j be 434/8 + (-12)/48. Let f = j + -8. What is the tens digit of f?
4
Suppose 7*m = 5915 - 728. What is the tens digit of m?
4
Suppose -3*y + 0*i = -3*i + 9, -4*i + 12 = y. Suppose y = 3*d + 5*s - 162 - 33, 2*d - 134 = -2*s. What is the tens digit of d?
7
Suppose -3*s = -76 + 13. Let o be 2/7 - (-141)/s. Suppose 0 = -o*c + 87 + 158. What is the tens digit of c?
3
Suppose 0 = -226*k + 229*k - 2922. What is the hundreds digit of k?
9
Let r(y) = 80*y**2 - 25*y + 27. What is the thousands digit of r(6)?
2
Let z(y) = -y**2 + 2. Let c be z(1). Let h be c/((6/3)/154). Suppose 4*k - 4*r = -k + h, k = 4*r + 25. What is the units digit of k?
3
Let j(o) = -9 + 5*o**2 - 6*o**3 + 7*o**3 + 0*o - 3*o - 7*o. Let w be j(-6). Let d(s) = -s**3 + 16*s**2 - 13*s - 13. What is the units digit of d(w)?
7
Let x(b) = 8*b + 43. Let i(t) = -4*t - 22. Let q(z) = -7*i(z) - 4*x(z). Suppose 3*h - 4*o = -h - 60, 3*h - 2*o + 44 = 0. What is the units digit of q(h)?
8
Suppose 5*d - l - 246 = 0, 3*l - l = 4*d - 192. What is the units digit of d?
0
Let g = -27 + 27. Suppose -4*l + l + 18 = g. What is the units digit of 400/l - 4/6?
6
Let q be 4/6 + 22/3. Let o be 12/(-20) + 1 - (-153)/5. Let k = q + o. What is the units digit of k?
9
Let z(v) = -2*v**3 - 6*v**2 - 30*v - 88. What is the units digit of z(-7)?
4
Suppose 4*t = -3*b + 27, 4*b + 3*t = 4*t + 17. Let f(r) = 13*r + 8. Let k(l) = 7*l + 4. Let v(w) = 6*f(w) - 11*k(w). What is the units digit of v(b)?
9
Let p(q) = -4*q**3 + 7*q**2 - 2. Let u(s) = -9*s**3 + 15*s**2 - 5. Let b be ((-5)/(10/14))/(-1). Let a(f) = b*p(f) - 3*u(f). What is the units digit of a(4)?
1
Suppose 17*a - 15 = 14*a. Suppose -91 - 34 = -a*g. Suppose 3*i + 2*i - g = 5*h, 2*h + 28 = 5*i. What is the units digit of i?
6
Suppose 0*c - 4 = -2*c. Suppose -c*g - 3*g = -25. Suppose -15 = -g*u - 5*r, 5*u = 3*r - 6 + 37. What is the units digit of u?
5
Let d = -432 + 826. What is the tens digit of d?
9
Suppose -6*l + 3*l + 2400 = 0. What is the tens digit of l?
0
What is the tens digit of (3828/15)/((-14)/(-35))?
3
Let o(b) = b**2 - 9*b - 1. Suppose -j - 2 = 0, 4*v = 2*j + 20 + 16. Let u be o(v). Let f = 24 + u. What is the units digit of f?
5
What is the hundreds digit of 4554*(-5 + 48/9)?
5
Let u(v) = v**2 - 15*v + 692. What is the hundreds digit of u(56)?
9
Let a = 9882 + -6935. What is the tens digit of a?
4
Suppose -93*u = -90*u - 6. Suppose -4*h + 3*k = -531, -u*h - 4*k + 154 = -106. What is the hundreds digit of h?
1
Let a(i) = 4*i - 3. Let b be a(-3). Let z(y) = -6*y - 12. Let m be z(-9). Let l = m + b. What is the tens digit of l?
2
Let a(b) = b**3 - 4*b**2 - b + 1. Let s be a(5). Suppose -s = -2*m - 3. Suppose j - m = -d + 17, 0 = 2*j - 4*d - 40. What is the tens digit of j?
2
Let j(q) = -q - 9. Let s be j(-6). Let m(x) = 5*x**3 + x**2. Let p be m(-1). Let g = s - p. What is the units digit of g?
1
Suppose 2*p - 20 + 6 = 0. Suppose -u + 18 = 3*y + p, 5*y + 4*u - 23 = 0. What is the units digit of ((-6)/y)/(-1) - -16?
8
Suppose 7*a - 4*a + 99 = 0. Let d(h) = -h**3 - h**2 - 2*h + 1. Let p b